 12072676?
6
What is the ten thousands digit of 296958?
9
What is the hundreds digit of 583640?
6
What is the hundreds digit of 9772315?
3
What is the units digit of 550069?
9
What is the thousands digit of 19783335?
3
What is the ten thousands digit of 14205986?
0
What is the hundreds digit of 612920?
9
What is the millions digit of 7126332?
7
What is the hundreds digit of 409444?
4
What is the hundred thousands digit of 2177572?
1
What is the ten thousands digit of 389782?
8
What is the thousands digit of 110301?
0
What is the units digit of 3127990?
0
What is the ten thousands digit of 347312?
4
What is the hundreds digit of 7812807?
8
What is the thousands digit of 5655434?
5
What is the tens digit of 554945?
4
What is the ten thousands digit of 16289411?
8
What is the hundreds digit of 10647092?
0
What is the units digit of 198525?
5
What is the hundred thousands digit of 12955700?
9
What is the thousands digit of 90618?
0
What is the hundred thousands digit of 34798724?
7
What is the hundreds digit of 76507?
5
What is the hundreds digit of 3675422?
4
What is the tens digit of 3155250?
5
What is the hundred thousands digit of 197734?
1
What is the thousands digit of 131864?
1
What is the thousands digit of 3651456?
1
What is the millions digit of 1189673?
1
What is the hundred thousands digit of 466840?
4
What is the hundreds digit of 352079?
0
What is the tens digit of 107651?
5
What is the ten thousands digit of 252427?
5
What is the ten thousands digit of 186847?
8
What is the hundreds digit of 1338813?
8
What is the ten thousands digit of 1350901?
5
What is the units digit of 250339?
9
What is the units digit of 1663200?
0
What is the tens digit of 7093390?
9
What is the units digit of 143197?
7
What is the thousands digit of 676023?
6
What is the hundreds digit of 6309561?
5
What is the thousands digit of 112002?
2
What is the hundred thousands digit of 635605?
6
What is the hundred thousands digit of 1201787?
2
What is the thousands digit of 9889600?
9
What is the tens digit of 18041711?
1
What is the ten thousands digit of 62044?
6
What is the ten thousands digit of 692721?
9
What is the hundred thousands digit of 668979?
6
What is the tens digit of 1550689?
8
What is the ten thousands digit of 20290244?
9
What is the tens digit of 3539342?
4
What is the thousands digit of 4370088?
0
What is the ten millions digit of 19308723?
1
What is the hundreds digit of 98649?
6
What is the hundred thousands digit of 18428728?
4
What is the units digit of 1781469?
9
What is the thousands digit of 2836756?
6
What is the hundreds digit of 88039?
0
What is the tens digit of 3867434?
3
What is the millions digit of 1674748?
1
What is the units digit of 379663?
3
What is the units digit of 262805?
5
What is the ten thousands digit of 3997236?
9
What is the thousands digit of 138477?
8
What is the hundred thousands digit of 554169?
5
What is the hundreds digit of 1727156?
1
What is the units digit of 12746?
6
What is the ten thousands digit of 4914819?
1
What is the thousands digit of 44415?
4
What is the ten thousands digit of 26818339?
1
What is the thousands digit of 5536?
5
What is the ten thousands digit of 17540220?
4
What is the ten thousands digit of 106294?
0
What is the hundred thousands digit of 865737?
8
What is the units digit of 68594?
4
What is the units digit of 543062?
2
What is the hundred thousands digit of 153785?
1
What is the units digit of 4608069?
9
What is the ten thousands digit of 955194?
5
What is the thousands digit of 6626768?
6
What is the hundred thousands digit of 20159402?
1
What is the hundred thousands digit of 148962?
1
What is the hundreds digit of 198216?
2
What is the thousands digit of 331857?
1
What is the hundreds digit of 512725?
7
What is the hundreds digit of 27237509?
5
What is the ten thousands digit of 2817400?
1
What is the tens digit of 629251?
5
What is the thousands digit of 715129?
5
What is the ten thousands digit of 573320?
7
What is the tens digit of 462657?
5
What is the millions digit of 8961253?
8
What is the tens digit of 229738?
3
What is the thousands digit of 2398692?
8
What is the ten thousands digit of 12906504?
0
What is the millions digit of 3146854?
3
What is the hundreds digit of 1955946?
9
What is the hundred thousands digit of 719479?
7
What is the hundred thousands digit of 905597?
9
What is the thousands digit of 75568?
5
What is the tens digit of 1694242?
4
What is the hundreds digit of 2673299?
2
What is the ten millions digit of 17255274?
1
What is the units digit of 585596?
6
What is the hundred thousands digit of 1573924?
5
What is the thousands digit of 152225?
2
What is the units digit of 7268655?
5
What is the units digit of 30822?
2
What is the hundred thousands digit of 659515?
6
What is the thousands digit of 83844?
3
What is the ten thousands digit of 406552?
0
What is the units digit of 1466812?
2
What is the tens digit of 219488?
8
What is the hundred thousands digit of 2096984?
0
What is the units digit of 1713600?
0
What is the units digit of 643866?
6
What is the thousands digit of 36511008?
1
What is the tens digit of 286020?
2
What is the hundreds digit of 1682529?
5
What is the thousands digit of 3821201?
1
What is the thousands digit of 494136?
4
What is the ten thousands digit of 4143627?
4
What is the ten thousands digit of 4481073?
8
What is the ten thousands digit of 35082438?
8
What is the hundreds digit of 192702?
7
What is the millions digit of 1541462?
1
What is the tens digit of 436308?
0
What is the hundreds digit of 17209777?
7
What is the tens digit of 5570131?
3
What is the tens digit of 12304?
0
What is the thousands digit of 49798?
9
What is the ten millions digit of 27200862?
2
What is the ten thousands digit of 96884?
9
What is the hundreds digit of 1715848?
8
What is the ten thousands digit of 33185?
3
What is the units digit of 152128?
8
What is the ten thousands digit of 20566694?
6
What is the thousands digit of 26845?
6
What is the millions digit of 6089155?
6
What is the ten thousands digit of 310367?
1
What is the thousands digit of 7548505?
8
What is the hundreds digit of 2337382?
3
What is the hundred thousands digit of 832924?
8
What is the tens digit of 371130?
3
What is the hundred thousands digit of 596371?
5
What is the units digit of 531378?
8
What is the tens digit of 12861370?
7
What is the tens digit of 2654387?
8
What is the hundred thousands digit of 910866?
9
What is the thousands digit of 660346?
0
What is the hundred thousands digit of 774583?
7
What is the thousands digit of 1974452?
4
What is the thousands digit of 219942?
9
What is the hundred thousands digit of 18306138?
3
What is the ten millions digit of 12749465?
1
What is the hundred thousands digit of 9698977?
6
What is the thousands digit of 560657?
0
What is the hundreds digit of 4275075?
0
What is the thousands digit of 3704038?
4
What is the tens digit of 56191?
9
What is the hundreds digit of 147164?
1
What is the units digit of 55607?
7
What is the ten thousands digit of 2035041?
3
What is the ten thousands digit of 20939203?
3
What is the units digit of 1765639?
9
What is the units digit of 117825?
5
What is the millions digit of 17349879?
7
What is the thousands digit of 3376237?
6
What is the hundreds digit of 677376?
3
What is the ten millions digit of 12626966?
1
What is the ten thousands digit of 264140?
6
What is the hundreds digit of 4222457?
4
What is the ten thousands digit of 29317181?
1
What is the ten millions digit of 17586035?
1
What is the hundreds digit of 261153?
1
What is the hundred thousands digit of 547046?
5
What is the ten thousands digit of 2458002?
5
What is the ten millions digit of 11714802?
1
What is the ten thousands digit of 1405358?
0
What is the units digit of 43092?
2
What is the ten thousands digit of 25847070?
4
What is the tens digit of 904069?
6
What is the units digit of 230792?
2
What is the hundred thousands digit of 26760051?
7
What is the units digit of 531355?
5
What is the ten millions digit of 27909341?
2
What is the hundred thousands digit of 229356?
2
What is the units digit of 86760?
0
What is the ten thousands digit of 350291?
5
What is the units digit of 14389878?
8
What is the hundred thousands d